{"id":389,"date":"2024-06-19T22:14:47","date_gmt":"2024-06-19T20:14:47","guid":{"rendered":"https:\/\/ghvburscheid1959.de\/?page_id=389"},"modified":"2026-04-30T10:50:37","modified_gmt":"2026-04-30T08:50:37","slug":"aktuelles-termine","status":"publish","type":"page","link":"https:\/\/ghvburscheid1959.de\/index.php\/aktuelles-termine\/","title":{"rendered":"Aktuelles \/ Termine"},"content":{"rendered":"\t\t<div data-elementor-type=\"wp-page\" data-elementor-id=\"389\" class=\"elementor elementor-389\">\n\t\t\t\t<div class=\"elementor-element elementor-element-a554421 e-flex e-con-boxed e-con e-parent\" data-id=\"a554421\" data-element_type=\"container\">\n\t\t\t\t\t<div class=\"e-con-inner\">\n\t\t\t\t<div class=\"elementor-element elementor-element-fb8f738 elementor-widget elementor-widget-text-editor\" data-id=\"fb8f738\" data-element_type=\"widget\" data-widget_type=\"text-editor.default\">\n\t\t\t\t<div class=\"elementor-widget-container\">\n\t\t\t\t\t\t\t\t\t<p>\u00a0<\/p><p><strong>Termine 2026<\/strong><\/p><p><strong>23.01.26 \u00a0 \u00a0 \u00a018.00 Uhr Trainerkonferenz<\/strong><\/p><p><strong>21.02.26 \u00a0 \u00a0 \u00a014:00 Uhr Jahreshauptversammlung mit Wahlen im Vereinsheim<\/strong><\/p><p><strong>01.03.26 \u00a0 \u00a0 \u00a0 DSV-Verbandstag in Hamminkeln-Loikum<\/strong><\/p><p><strong>28.03.26 \u00a0 \u00a0 \u00a0Arbeitstag &#8222;<\/strong><b>Fr\u00fchjahrsputz&#8220;\u00a0<\/b><\/p><p><strong>11.04.26 \u00a0 \u00a0 \u00a0Begleithundpr\u00fcfung<\/strong><\/p><p><strong>17.04.26 \u00a0 \u00a0 \u00a018:00 Uhr Trainerkonferenz<\/strong><\/p><p><strong>18.04.26 \u00a0 \u00a0 \u00a013:00 Uhr Impftermin f\u00fcr Mitgliederhunde im Vereinsheim \u00a0<\/strong><\/p><p><strong>30.05.26 \u00a0 \u00a0 \u00a0Erste-Hilfe-Kurs (Hund) mit Frau Dr. T\u00f6gel im Vereinsheim f\u00fcr interessierte Mitglieder<\/strong><\/p><p><strong>20.06.26 \u00a0 \u00a0 \u00a011.00 &#8211; 15:00 Uhr Arbeitstag<\/strong><\/p><p><strong>27.06.26 \u00a0 \u00a0 \u00a0 Fun-Turnier der RO-Gruppen\u00a0<\/strong>(in Planung; Alternativ-Termin: 22.06.26)<\/p><p><strong>26.09.26 \u00a0 \u00a0 \u00a011:00 &#8211; 15:00 Uhr Arbeitstag<\/strong><\/p><p><strong>28.11.26 \u00a0 \u00a0 \u00a011:00 &#8211; 15:00 Uhr Arbeitstag<\/strong><\/p>\t\t\t\t\t\t\t\t<\/div>\n\t\t\t\t<\/div>\n\t\t\t\t\t<\/div>\n\t\t\t\t<\/div>\n\t\t<div class=\"elementor-element elementor-element-3560b8e e-flex e-con-boxed e-con e-parent\" data-id=\"3560b8e\" data-element_type=\"container\">\n\t\t\t\t\t<div class=\"e-con-inner\">\n\t\t\t\t<div class=\"elementor-element elementor-element-2fa53f8 elementor-widget-divider--view-line elementor-widget elementor-widget-divider\" data-id=\"2fa53f8\" data-element_type=\"widget\" data-widget_type=\"divider.default\">\n\t\t\t\t<div class=\"elementor-widget-container\">\n\t\t\t\t\t\t\t<div class=\"elementor-divider\">\n\t\t\t<span class=\"elementor-divider-separator\">\n\t\t\t\t\t\t<\/span>\n\t\t<\/div>\n\t\t\t\t\t\t<\/div>\n\t\t\t\t<\/div>\n\t\t\t\t\t<\/div>\n\t\t\t\t<\/div>\n\t\t<div class=\"elementor-element elementor-element-aad6c49 e-flex e-con-boxed e-con e-parent\" data-id=\"aad6c49\" data-element_type=\"container\">\n\t\t\t\t\t<div class=\"e-con-inner\">\n\t\t\t\t<div class=\"elementor-element elementor-element-a2ed1d9 elementor-widget elementor-widget-text-editor\" data-id=\"a2ed1d9\" data-element_type=\"widget\" data-widget_type=\"text-editor.default\">\n\t\t\t\t<div class=\"elementor-widget-container\">\n\t\t\t\t\t\t\t\t\t<p>Viel Anklang fand der Social Walk am 18. Januar 2025 bei sonnigem Winterwetter<\/p>\t\t\t\t\t\t\t\t<\/div>\n\t\t\t\t<\/div>\n\t\t\t\t\t<\/div>\n\t\t\t\t<\/div>\n\t\t<div class=\"elementor-element elementor-element-b469737 e-flex e-con-boxed e-con e-parent\" data-id=\"b469737\" data-element_type=\"container\">\n\t\t\t\t\t<div class=\"e-con-inner\">\n\t\t\t\t<div class=\"elementor-element elementor-element-1f51d36 elementor-widget elementor-widget-image\" data-id=\"1f51d36\" data-element_type=\"widget\" data-widget_type=\"image.default\">\n\t\t\t\t<div class=\"elementor-widget-container\">\n\t\t\t\t\t\t\t\t\t\t\t\t\t\t\t<img fetchpriority=\"high\" decoding=\"async\" width=\"768\" height=\"587\" src=\"https:\/\/ghvburscheid1959.de\/wp-content\/uploads\/2025\/01\/Bildschirmfoto-2025-01-20-um-16.21.04-768x587.png\" class=\"attachment-medium_large size-medium_large wp-image-808\" alt=\"\" srcset=\"https:\/\/ghvburscheid1959.de\/wp-content\/uploads\/2025\/01\/Bildschirmfoto-2025-01-20-um-16.21.04-768x587.png 768w, https:\/\/ghvburscheid1959.de\/wp-content\/uploads\/2025\/01\/Bildschirmfoto-2025-01-20-um-16.21.04-300x229.png 300w, https:\/\/ghvburscheid1959.de\/wp-content\/uploads\/2025\/01\/Bildschirmfoto-2025-01-20-um-16.21.04.png 872w\" sizes=\"(max-width: 768px) 100vw, 768px\" \/>\t\t\t\t\t\t\t\t\t\t\t\t\t\t\t<\/div>\n\t\t\t\t<\/div>\n\t\t\t\t\t<\/div>\n\t\t\t\t<\/div>\n\t\t<div class=\"elementor-element elementor-element-5deb339 e-flex e-con-boxed e-con e-parent\" data-id=\"5deb339\" data-element_type=\"container\">\n\t\t\t\t\t<div class=\"e-con-inner\">\n\t\t\t\t<div class=\"elementor-element elementor-element-35ab19a elementor-widget elementor-widget-text-editor\" data-id=\"35ab19a\" data-element_type=\"widget\" data-widget_type=\"text-editor.default\">\n\t\t\t\t<div class=\"elementor-widget-container\">\n\t\t\t\t\t\t\t\t\t<p><strong>_______________________________________________________________________________<\/strong><\/p>\t\t\t\t\t\t\t\t<\/div>\n\t\t\t\t<\/div>\n\t\t\t\t\t<\/div>\n\t\t\t\t<\/div>\n\t\t<div class=\"elementor-element elementor-element-92072c0 e-flex e-con-boxed e-con e-parent\" data-id=\"92072c0\" data-element_type=\"container\">\n\t\t\t\t\t<div class=\"e-con-inner\">\n\t\t\t\t<div class=\"elementor-element elementor-element-22e5994 elementor-widget elementor-widget-text-editor\" data-id=\"22e5994\" data-element_type=\"widget\" data-widget_type=\"text-editor.default\">\n\t\t\t\t<div class=\"elementor-widget-container\">\n\t\t\t\t\t\t\t\t\t<p><strong>&#8222;Warm up &#8211; cool down&#8220;- Seminar am 18.10.2025<\/strong><\/p><p>Seit den vergangenen Jahren nimmt der Breitensport aufgrund eines neuen Bewusstseins f\u00fcr die eigene Gesundheit stetig zu. Jeder achtsame Sportler wei\u00df deshalb, dass es wichtig ist, sich beim Sport sowohl vor- als auch nachzubereiten, \u00a0um gesundheitlich negative Folgen &#8211; also den gegenteiligen Effekt des eigenen Tuns &#8211; auszuschlie\u00dfen.<\/p><p>Doch was ist mit dem eigenen Hund? Raus aus dem Auto und hopp \u00fcber die H\u00fcrde? Nein!- &#8211; denn auch f\u00fcr den Hund gilt das Gleiche wie f\u00fcr den Menschen.<\/p><p>Von daher hat Ute Jakobs (u.a. Trainerin im Agility) Frau\u00a0<strong>Katrin Wenke vom Hundephysiotherapie- Zentrum Seehund in Burscheid\u00a0<\/strong>f\u00fcr ein entsprechendes Seminar gewinnen k\u00f6nnen.<\/p><p>Es wechselten sich hierbei Theorie- und Praxisphasen ab. F\u00fcr die Praxisphasen hatte Ute Jakobs in Absprache mit der Referentin auf dem Junghundeplatz einen Parcours aufgebaut.<\/p><p>Alle Teilnehmerinnen empfanden das Seminar sehr informativ und abwechslungsreich.<\/p>\t\t\t\t\t\t\t\t<\/div>\n\t\t\t\t<\/div>\n\t\t\t\t\t<\/div>\n\t\t\t\t<\/div>\n\t\t<div class=\"elementor-element elementor-element-ec0aabe e-flex e-con-boxed e-con e-parent\" data-id=\"ec0aabe\" data-element_type=\"container\">\n\t\t\t\t\t<div class=\"e-con-inner\">\n\t\t\t\t<div class=\"elementor-element elementor-element-2ed53a8 elementor-widget elementor-widget-image\" data-id=\"2ed53a8\" data-element_type=\"widget\" data-widget_type=\"image.default\">\n\t\t\t\t<div class=\"elementor-widget-container\">\n\t\t\t\t\t\t\t\t\t\t\t\t\t\t\t<img decoding=\"async\" width=\"626\" height=\"694\" src=\"https:\/\/ghvburscheid1959.de\/wp-content\/uploads\/2025\/10\/Bildschirmfoto-2025-10-18-um-21.31.39.png\" class=\"attachment-medium_large size-medium_large wp-image-1133\" alt=\"\" srcset=\"https:\/\/ghvburscheid1959.de\/wp-content\/uploads\/2025\/10\/Bildschirmfoto-2025-10-18-um-21.31.39.png 626w, https:\/\/ghvburscheid1959.de\/wp-content\/uploads\/2025\/10\/Bildschirmfoto-2025-10-18-um-21.31.39-271x300.png 271w\" sizes=\"(max-width: 626px) 100vw, 626px\" \/>\t\t\t\t\t\t\t\t\t\t\t\t\t\t\t<\/div>\n\t\t\t\t<\/div>\n\t\t\t\t\t<\/div>\n\t\t\t\t<\/div>\n\t\t<div class=\"elementor-element elementor-element-392026a e-flex e-con-boxed e-con e-parent\" data-id=\"392026a\" data-element_type=\"container\">\n\t\t\t\t\t<div class=\"e-con-inner\">\n\t\t\t\t<div class=\"elementor-element elementor-element-0901337 elementor-widget-divider--view-line elementor-widget elementor-widget-divider\" data-id=\"0901337\" data-element_type=\"widget\" data-widget_type=\"divider.default\">\n\t\t\t\t<div class=\"elementor-widget-container\">\n\t\t\t\t\t\t\t<div class=\"elementor-divider\">\n\t\t\t<span class=\"elementor-divider-separator\">\n\t\t\t\t\t\t<\/span>\n\t\t<\/div>\n\t\t\t\t\t\t<\/div>\n\t\t\t\t<\/div>\n\t\t\t\t\t<\/div>\n\t\t\t\t<\/div>\n\t\t<div class=\"elementor-element elementor-element-b0da26c e-flex e-con-boxed e-con e-parent\" data-id=\"b0da26c\" data-element_type=\"container\">\n\t\t\t\t\t<div class=\"e-con-inner\">\n\t\t\t\t<div class=\"elementor-element elementor-element-faa6999 elementor-widget elementor-widget-image\" data-id=\"faa6999\" data-element_type=\"widget\" data-widget_type=\"image.default\">\n\t\t\t\t<div class=\"elementor-widget-container\">\n\t\t\t\t\t\t\t\t\t\t\t\t\t\t\t<img decoding=\"async\" width=\"300\" height=\"259\" src=\"https:\/\/ghvburscheid1959.de\/wp-content\/uploads\/2025\/11\/Bildschirmfoto-2025-11-30-um-10.29.33-300x259.png\" class=\"attachment-medium size-medium wp-image-1205\" alt=\"\" srcset=\"https:\/\/ghvburscheid1959.de\/wp-content\/uploads\/2025\/11\/Bildschirmfoto-2025-11-30-um-10.29.33-300x259.png 300w, https:\/\/ghvburscheid1959.de\/wp-content\/uploads\/2025\/11\/Bildschirmfoto-2025-11-30-um-10.29.33-768x664.png 768w, https:\/\/ghvburscheid1959.de\/wp-content\/uploads\/2025\/11\/Bildschirmfoto-2025-11-30-um-10.29.33.png 990w\" sizes=\"(max-width: 300px) 100vw, 300px\" \/>\t\t\t\t\t\t\t\t\t\t\t\t\t\t\t<\/div>\n\t\t\t\t<\/div>\n\t\t\t\t\t<\/div>\n\t\t\t\t<\/div>\n\t\t<div class=\"elementor-element elementor-element-217ec36 e-flex e-con-boxed e-con e-parent\" data-id=\"217ec36\" data-element_type=\"container\">\n\t\t\t\t\t<div class=\"e-con-inner\">\n\t\t\t\t<div class=\"elementor-element elementor-element-f8f1881 elementor-widget elementor-widget-image\" data-id=\"f8f1881\" data-element_type=\"widget\" data-widget_type=\"image.default\">\n\t\t\t\t<div class=\"elementor-widget-container\">\n\t\t\t\t\t\t\t\t\t\t\t\t<figure class=\"wp-caption\">\n\t\t\t\t\t\t\t\t\t\t<img loading=\"lazy\" decoding=\"async\" width=\"249\" height=\"300\" src=\"https:\/\/ghvburscheid1959.de\/wp-content\/uploads\/2025\/12\/Bildschirmfoto-2025-12-08-um-10.39.29-249x300.png\" class=\"attachment-medium size-medium wp-image-1212\" alt=\"\" srcset=\"https:\/\/ghvburscheid1959.de\/wp-content\/uploads\/2025\/12\/Bildschirmfoto-2025-12-08-um-10.39.29-249x300.png 249w, https:\/\/ghvburscheid1959.de\/wp-content\/uploads\/2025\/12\/Bildschirmfoto-2025-12-08-um-10.39.29.png 724w\" sizes=\"(max-width: 249px) 100vw, 249px\" \/>\t\t\t\t\t\t\t\t\t\t\t<figcaption class=\"widget-image-caption wp-caption-text\">Unser Stand auf dem \u00d6singhausener Weihnachtsmarkt<\/figcaption>\n\t\t\t\t\t\t\t\t\t\t<\/figure>\n\t\t\t\t\t\t\t\t\t<\/div>\n\t\t\t\t<\/div>\n\t\t\t\t<div class=\"elementor-element elementor-element-914e989 elementor-widget elementor-widget-image\" data-id=\"914e989\" data-element_type=\"widget\" data-widget_type=\"image.default\">\n\t\t\t\t<div class=\"elementor-widget-container\">\n\t\t\t\t\t\t\t\t\t\t\t\t<figure class=\"wp-caption\">\n\t\t\t\t\t\t\t\t\t\t<img loading=\"lazy\" decoding=\"async\" width=\"768\" height=\"327\" src=\"https:\/\/ghvburscheid1959.de\/wp-content\/uploads\/2026\/04\/a8086cf6-b661-4c18-97a3-59ef2fd10ca0-1-768x327.jpeg\" class=\"attachment-medium_large size-medium_large wp-image-1296\" alt=\"\" srcset=\"https:\/\/ghvburscheid1959.de\/wp-content\/uploads\/2026\/04\/a8086cf6-b661-4c18-97a3-59ef2fd10ca0-1-768x327.jpeg 768w, https:\/\/ghvburscheid1959.de\/wp-content\/uploads\/2026\/04\/a8086cf6-b661-4c18-97a3-59ef2fd10ca0-1-300x128.jpeg 300w, https:\/\/ghvburscheid1959.de\/wp-content\/uploads\/2026\/04\/a8086cf6-b661-4c18-97a3-59ef2fd10ca0-1-1024x436.jpeg 1024w, https:\/\/ghvburscheid1959.de\/wp-content\/uploads\/2026\/04\/a8086cf6-b661-4c18-97a3-59ef2fd10ca0-1-1536x654.jpeg 1536w, https:\/\/ghvburscheid1959.de\/wp-content\/uploads\/2026\/04\/a8086cf6-b661-4c18-97a3-59ef2fd10ca0-1.jpeg 1600w\" sizes=\"(max-width: 768px) 100vw, 768px\" \/>\t\t\t\t\t\t\t\t\t\t\t<figcaption class=\"widget-image-caption wp-caption-text\">Alle Teams haben am 11.04.2026 die Begleithundepr\u00fcfung bestanden!<\/figcaption>\n\t\t\t\t\t\t\t\t\t\t<\/figure>\n\t\t\t\t\t\t\t\t\t<\/div>\n\t\t\t\t<\/div>\n\t\t\t\t\t<\/div>\n\t\t\t\t<\/div>\n\t\t\t\t<\/div>\n\t\t","protected":false},"excerpt":{"rendered":"<p>\u00a0 Termine 2026 23.01.26 \u00a0 \u00a0 \u00a018.00 Uhr Trainerkonferenz 21.02.26 \u00a0 \u00a0 \u00a014:00 Uhr Jahreshauptversammlung mit Wahlen im Vereinsheim 01.03.26 \u00a0 \u00a0 \u00a0 DSV-Verbandstag in Hamminkeln-Loikum 28.03.26 \u00a0 \u00a0 \u00a0Arbeitstag &#8222;Fr\u00fchjahrsputz&#8220;\u00a0 11.04.26 \u00a0 \u00a0 \u00a0Begleithundpr\u00fcfung 17.04.26 \u00a0 \u00a0 \u00a018:00 Uhr Trainerkonferenz 18.04.26 \u00a0 \u00a0 \u00a013:00 Uhr Impftermin f\u00fcr Mitgliederhunde im Vereinsheim \u00a0 30.05.26 \u00a0 \u00a0 [&hellip;]<\/p>\n","protected":false},"author":2,"featured_media":0,"parent":0,"menu_order":0,"comment_status":"closed","ping_status":"closed","template":"","meta":{"footnotes":""},"class_list":["post-389","page","type-page","status-publish","hentry"],"aioseo_notices":[],"_links":{"self":[{"href":"https:\/\/ghvburscheid1959.de\/index.php\/wp-json\/wp\/v2\/pages\/389","targetHints":{"allow":["GET"]}}],"collection":[{"href":"https:\/\/ghvburscheid1959.de\/index.php\/wp-json\/wp\/v2\/pages"}],"about":[{"href":"https:\/\/ghvburscheid1959.de\/index.php\/wp-json\/wp\/v2\/types\/page"}],"author":[{"embeddable":true,"href":"https:\/\/ghvburscheid1959.de\/index.php\/wp-json\/wp\/v2\/users\/2"}],"replies":[{"embeddable":true,"href":"https:\/\/ghvburscheid1959.de\/index.php\/wp-json\/wp\/v2\/comments?post=389"}],"version-history":[{"count":310,"href":"https:\/\/ghvburscheid1959.de\/index.php\/wp-json\/wp\/v2\/pages\/389\/revisions"}],"predecessor-version":[{"id":1369,"href":"https:\/\/ghvburscheid1959.de\/index.php\/wp-json\/wp\/v2\/pages\/389\/revisions\/1369"}],"wp:attachment":[{"href":"https:\/\/ghvburscheid1959.de\/index.php\/wp-json\/wp\/v2\/media?parent=389"}],"curies":[{"name":"wp","href":"https:\/\/api.w.org\/{rel}","templated":true}]}}