{"id":139,"date":"2024-03-03T17:13:25","date_gmt":"2024-03-03T16:13:25","guid":{"rendered":"https:\/\/ghvburscheid1959.de\/?page_id=139"},"modified":"2025-11-11T15:28:23","modified_gmt":"2025-11-11T14:28:23","slug":"welpen-juhu","status":"publish","type":"page","link":"https:\/\/ghvburscheid1959.de\/index.php\/angebote\/welpen-juhu\/","title":{"rendered":"Welpen (JuHu)"},"content":{"rendered":"\t\t<div data-elementor-type=\"wp-page\" data-elementor-id=\"139\" class=\"elementor elementor-139\">\n\t\t\t\t<div class=\"elementor-element elementor-element-050883e e-flex e-con-boxed e-con e-parent\" data-id=\"050883e\" data-element_type=\"container\">\n\t\t\t\t\t<div class=\"e-con-inner\">\n\t\t\t\t<div class=\"elementor-element elementor-element-041fb82 elementor-widget elementor-widget-heading\" data-id=\"041fb82\" data-element_type=\"widget\" data-widget_type=\"heading.default\">\n\t\t\t\t<div class=\"elementor-widget-container\">\n\t\t\t\t\t<h2 class=\"elementor-heading-title elementor-size-default\">Welpen<\/h2>\t\t\t\t<\/div>\n\t\t\t\t<\/div>\n\t\t\t\t\t<\/div>\n\t\t\t\t<\/div>\n\t\t<div class=\"elementor-element elementor-element-439d2d8d e-flex e-con-boxed e-con e-parent\" data-id=\"439d2d8d\" data-element_type=\"container\">\n\t\t\t\t\t<div class=\"e-con-inner\">\n\t\t\t\t<div class=\"elementor-element elementor-element-4f4fc4f1 elementor-widget elementor-widget-text-editor\" data-id=\"4f4fc4f1\" data-element_type=\"widget\" data-widget_type=\"text-editor.default\">\n\t\t\t\t<div class=\"elementor-widget-container\">\n\t\t\t\t\t\t\t\t\t<p><\/p>\n<p>Die Ausbildung der Welpen bildet die Basis f\u00fcr die Arbeit mit unsren Hunden.Aufgrund des jungen Alters der Hunde und der daraus resultierenden geringen Aufnahmef\u00e4higkeit gibt es in der Welpen-Stunde einen Wechsel von kurzen \u00dcbungen und kleinen Spielphasen.<\/p>\n<p><strong>Ziele der Welpen-Ausbildung:<\/strong><\/p>\n<ul>\n<li>F\u00f6rderung der Bindung zwischen Hund und Mensch durch \u00dcbungen und Spiel im Team<\/li>\n<li>Erlernen erster Grundkommandos wie \u201eSitz\u201c, \u201ePlatz\u201c, \u201eHier\u201c in kleinen \u00dcbungsphasen<\/li>\n<li>Vertraut werden mit Umweltreizen durch eine vorbereitete Umgebung<\/li>\n<li>Vertraut werden in der Kommunikation mit anderen Hunden (Sozialkompetenz) im<br>gemeinsamen Spiel<\/li>\n<\/ul>\n<p><\/p>\t\t\t\t\t\t\t\t<\/div>\n\t\t\t\t<\/div>\n\t\t\t\t\t<\/div>\n\t\t\t\t<\/div>\n\t\t<div class=\"elementor-element elementor-element-dff29b7 e-flex e-con-boxed e-con e-parent\" data-id=\"dff29b7\" data-element_type=\"container\">\n\t\t\t\t\t<div class=\"e-con-inner\">\n\t\t<div class=\"elementor-element elementor-element-b60fa7e e-con-full e-flex e-con e-child\" data-id=\"b60fa7e\" data-element_type=\"container\">\n\t\t\t\t<div class=\"elementor-element elementor-element-02f0458 elementor-widget elementor-widget-image\" data-id=\"02f0458\" data-element_type=\"widget\" data-widget_type=\"image.default\">\n\t\t\t\t<div class=\"elementor-widget-container\">\n\t\t\t\t\t\t\t\t\t\t\t\t\t\t\t<img fetchpriority=\"high\" decoding=\"async\" width=\"300\" height=\"200\" src=\"https:\/\/ghvburscheid1959.de\/wp-content\/uploads\/2025\/11\/DSC2190-300x200.jpeg\" class=\"attachment-medium size-medium wp-image-1148\" alt=\"\" srcset=\"https:\/\/ghvburscheid1959.de\/wp-content\/uploads\/2025\/11\/DSC2190-300x200.jpeg 300w, https:\/\/ghvburscheid1959.de\/wp-content\/uploads\/2025\/11\/DSC2190-1024x683.jpeg 1024w, https:\/\/ghvburscheid1959.de\/wp-content\/uploads\/2025\/11\/DSC2190-768x512.jpeg 768w, https:\/\/ghvburscheid1959.de\/wp-content\/uploads\/2025\/11\/DSC2190-1536x1024.jpeg 1536w, https:\/\/ghvburscheid1959.de\/wp-content\/uploads\/2025\/11\/DSC2190-2048x1365.jpeg 2048w\" sizes=\"(max-width: 300px) 100vw, 300px\" \/>\t\t\t\t\t\t\t\t\t\t\t\t\t\t\t<\/div>\n\t\t\t\t<\/div>\n\t\t\t\t<\/div>\n\t\t<div class=\"elementor-element elementor-element-979c14b e-con-full e-flex e-con e-child\" data-id=\"979c14b\" data-element_type=\"container\">\n\t\t\t\t<div class=\"elementor-element elementor-element-98944c0 elementor-widget elementor-widget-text-editor\" data-id=\"98944c0\" data-element_type=\"widget\" data-widget_type=\"text-editor.default\">\n\t\t\t\t<div class=\"elementor-widget-container\">\n\t\t\t\t\t\t\t\t\t<p>\u00a0<\/p>\n<p>\u00a0<\/p>\n<p>\u00a0<\/p>\n<p><img decoding=\"async\" class=\"alignnone size-medium wp-image-1149\" src=\"https:\/\/ghvburscheid1959.de\/wp-content\/uploads\/2025\/11\/DSC2069-300x200.jpeg\" alt=\"\" width=\"300\" height=\"200\" srcset=\"https:\/\/ghvburscheid1959.de\/wp-content\/uploads\/2025\/11\/DSC2069-300x200.jpeg 300w, https:\/\/ghvburscheid1959.de\/wp-content\/uploads\/2025\/11\/DSC2069-1024x683.jpeg 1024w, https:\/\/ghvburscheid1959.de\/wp-content\/uploads\/2025\/11\/DSC2069-768x512.jpeg 768w, https:\/\/ghvburscheid1959.de\/wp-content\/uploads\/2025\/11\/DSC2069-1536x1024.jpeg 1536w, https:\/\/ghvburscheid1959.de\/wp-content\/uploads\/2025\/11\/DSC2069-2048x1365.jpeg 2048w\" sizes=\"(max-width: 300px) 100vw, 300px\" \/><\/p>\t\t\t\t\t\t\t\t<\/div>\n\t\t\t\t<\/div>\n\t\t\t\t<\/div>\n\t\t\t\t\t<\/div>\n\t\t\t\t<\/div>\n\t\t<div class=\"elementor-element elementor-element-0f912a2 e-flex e-con-boxed e-con e-parent\" data-id=\"0f912a2\" data-element_type=\"container\">\n\t\t\t\t\t<div class=\"e-con-inner\">\n\t\t\t\t<div class=\"elementor-element elementor-element-0c68817 elementor-widget-divider--view-line elementor-widget elementor-widget-divider\" data-id=\"0c68817\" data-element_type=\"widget\" data-widget_type=\"divider.default\">\n\t\t\t\t<div class=\"elementor-widget-container\">\n\t\t\t\t\t\t\t<div class=\"elementor-divider\">\n\t\t\t<span class=\"elementor-divider-separator\">\n\t\t\t\t\t\t<\/span>\n\t\t<\/div>\n\t\t\t\t\t\t<\/div>\n\t\t\t\t<\/div>\n\t\t\t\t\t<\/div>\n\t\t\t\t<\/div>\n\t\t<div class=\"elementor-element elementor-element-b59828d e-flex e-con-boxed e-con e-parent\" data-id=\"b59828d\" data-element_type=\"container\">\n\t\t\t\t\t<div class=\"e-con-inner\">\n\t\t\t\t<div class=\"elementor-element elementor-element-23ce50b elementor-widget elementor-widget-heading\" data-id=\"23ce50b\" data-element_type=\"widget\" data-widget_type=\"heading.default\">\n\t\t\t\t<div class=\"elementor-widget-container\">\n\t\t\t\t\t<h2 class=\"elementor-heading-title elementor-size-default\">Junghunde<\/h2>\t\t\t\t<\/div>\n\t\t\t\t<\/div>\n\t\t\t\t\t<\/div>\n\t\t\t\t<\/div>\n\t\t<div class=\"elementor-element elementor-element-2dcb171 e-flex e-con-boxed e-con e-parent\" data-id=\"2dcb171\" data-element_type=\"container\">\n\t\t\t\t\t<div class=\"e-con-inner\">\n\t\t\t\t<div class=\"elementor-element elementor-element-5c5da32 elementor-widget elementor-widget-text-editor\" data-id=\"5c5da32\" data-element_type=\"widget\" data-widget_type=\"text-editor.default\">\n\t\t\t\t<div class=\"elementor-widget-container\">\n\t\t\t\t\t\t\t\t\t<p>Der Junghunde-Kurs baut auf den Grundlagen des Welpen-Kurses auf und erweitert<br \/>das Spektrum der \u00dcbungen, die ihrerseits umfangreicher gestaltet werden.<\/p>\n<ul>\n<li>So lernt der Hund neben den ersten Kommandos z. B. auch das \u201eBleib\u201c und<br \/>das Gehen \u201eBei Fu\u00df\u201c an lockerer Leine.<\/li>\n<li>Dabei werden als Herausforderung in den \u00dcbungen zunehmend Ablenkungen<br \/>eingebaut, um die erworbenen Gehorsamsregeln auf den Pr\u00fcfstand zu bringen.<\/li>\n<li>Auch die Spielphasen (Mensch-Hund \/ Hund-Hund) haben weiterhin ihren<br \/>Platz im Training, nehmen allerdings einen geringeren Raum ein.<\/li>\n<\/ul>\n<p>Ziel des Junghunde-Trainings ist ein gut sozialisierter Hund, der die Regeln des<br \/>Grundgehorsams sicher beherrscht.<\/p>\t\t\t\t\t\t\t\t<\/div>\n\t\t\t\t<\/div>\n\t\t\t\t\t<\/div>\n\t\t\t\t<\/div>\n\t\t<div class=\"elementor-element elementor-element-bce5177 e-flex e-con-boxed e-con e-parent\" data-id=\"bce5177\" data-element_type=\"container\">\n\t\t\t\t\t<div class=\"e-con-inner\">\n\t\t<div class=\"elementor-element elementor-element-2f8c693 e-con-full e-flex e-con e-child\" data-id=\"2f8c693\" data-element_type=\"container\">\n\t\t\t\t<div class=\"elementor-element elementor-element-0b3bf20 elementor-widget elementor-widget-image\" data-id=\"0b3bf20\" data-element_type=\"widget\" data-widget_type=\"image.default\">\n\t\t\t\t<div class=\"elementor-widget-container\">\n\t\t\t\t\t\t\t\t\t\t\t\t\t\t\t<img decoding=\"async\" width=\"384\" height=\"290\" src=\"https:\/\/ghvburscheid1959.de\/wp-content\/uploads\/2024\/06\/Screenshot-2024-06-19-at-21-40-51-AnmerkungenKorrekturen-HP-GHV.pdf.png\" class=\"attachment-medium_large size-medium_large wp-image-360\" alt=\"\" srcset=\"https:\/\/ghvburscheid1959.de\/wp-content\/uploads\/2024\/06\/Screenshot-2024-06-19-at-21-40-51-AnmerkungenKorrekturen-HP-GHV.pdf.png 384w, https:\/\/ghvburscheid1959.de\/wp-content\/uploads\/2024\/06\/Screenshot-2024-06-19-at-21-40-51-AnmerkungenKorrekturen-HP-GHV.pdf-300x227.png 300w\" sizes=\"(max-width: 384px) 100vw, 384px\" \/>\t\t\t\t\t\t\t\t\t\t\t\t\t\t\t<\/div>\n\t\t\t\t<\/div>\n\t\t\t\t<\/div>\n\t\t<div class=\"elementor-element elementor-element-352971c e-con-full e-flex e-con e-child\" data-id=\"352971c\" data-element_type=\"container\">\n\t\t\t\t<div class=\"elementor-element elementor-element-d0c2bbc elementor-widget elementor-widget-image\" data-id=\"d0c2bbc\" data-element_type=\"widget\" data-widget_type=\"image.default\">\n\t\t\t\t<div class=\"elementor-widget-container\">\n\t\t\t\t\t\t\t\t\t\t\t\t\t\t\t<img loading=\"lazy\" decoding=\"async\" width=\"340\" height=\"296\" src=\"https:\/\/ghvburscheid1959.de\/wp-content\/uploads\/2024\/06\/Screenshot-2024-06-19-at-21-41-31-AnmerkungenKorrekturen-HP-GHV.pdf.png\" class=\"attachment-medium_large size-medium_large wp-image-361\" alt=\"\" srcset=\"https:\/\/ghvburscheid1959.de\/wp-content\/uploads\/2024\/06\/Screenshot-2024-06-19-at-21-41-31-AnmerkungenKorrekturen-HP-GHV.pdf.png 340w, https:\/\/ghvburscheid1959.de\/wp-content\/uploads\/2024\/06\/Screenshot-2024-06-19-at-21-41-31-AnmerkungenKorrekturen-HP-GHV.pdf-300x261.png 300w\" sizes=\"(max-width: 340px) 100vw, 340px\" \/>\t\t\t\t\t\t\t\t\t\t\t\t\t\t\t<\/div>\n\t\t\t\t<\/div>\n\t\t\t\t<\/div>\n\t\t\t\t\t<\/div>\n\t\t\t\t<\/div>\n\t\t\t\t<\/div>\n\t\t","protected":false},"excerpt":{"rendered":"<p>Welpen Die Ausbildung der Welpen bildet die Basis f\u00fcr die Arbeit mit unsren Hunden.Aufgrund des jungen Alters der Hunde und der daraus resultierenden geringen Aufnahmef\u00e4higkeit gibt es in der Welpen-Stunde einen Wechsel von kurzen \u00dcbungen und kleinen Spielphasen. Ziele der Welpen-Ausbildung: F\u00f6rderung der Bindung zwischen Hund und Mensch durch \u00dcbungen und Spiel im Team Erlernen [&hellip;]<\/p>\n","protected":false},"author":1,"featured_media":0,"parent":88,"menu_order":0,"comment_status":"closed","ping_status":"closed","template":"","meta":{"footnotes":""},"class_list":["post-139","page","type-page","status-publish","hentry"],"aioseo_notices":[],"_links":{"self":[{"href":"https:\/\/ghvburscheid1959.de\/index.php\/wp-json\/wp\/v2\/pages\/139","targetHints":{"allow":["GET"]}}],"collection":[{"href":"https:\/\/ghvburscheid1959.de\/index.php\/wp-json\/wp\/v2\/pages"}],"about":[{"href":"https:\/\/ghvburscheid1959.de\/index.php\/wp-json\/wp\/v2\/types\/page"}],"author":[{"embeddable":true,"href":"https:\/\/ghvburscheid1959.de\/index.php\/wp-json\/wp\/v2\/users\/1"}],"replies":[{"embeddable":true,"href":"https:\/\/ghvburscheid1959.de\/index.php\/wp-json\/wp\/v2\/comments?post=139"}],"version-history":[{"count":20,"href":"https:\/\/ghvburscheid1959.de\/index.php\/wp-json\/wp\/v2\/pages\/139\/revisions"}],"predecessor-version":[{"id":1152,"href":"https:\/\/ghvburscheid1959.de\/index.php\/wp-json\/wp\/v2\/pages\/139\/revisions\/1152"}],"up":[{"embeddable":true,"href":"https:\/\/ghvburscheid1959.de\/index.php\/wp-json\/wp\/v2\/pages\/88"}],"wp:attachment":[{"href":"https:\/\/ghvburscheid1959.de\/index.php\/wp-json\/wp\/v2\/media?parent=139"}],"curies":[{"name":"wp","href":"https:\/\/api.w.org\/{rel}","templated":true}]}}